is the remainder when g is divided by 15?
14
Calculate the remainder when 238 is divided by 165/55 - 3*-1.
4
Suppose -2*x + 2*j - 230 = -0*j, -8 = -4*j. Let i = -44 - x. What is the remainder when i is divided by 14?
13
Let m = 32 - 19. Let k = -1 - -2. What is the remainder when m is divided by k + -3 - (-3 + -3)?
1
Let a be (22/4)/((-1)/(-4)). Suppose -2*m = 4*r - a, 4*r + m = r + 14. What is the remainder when 12 is divided by r?
0
What is the remainder when 6 is divided by ((-6)/(-3)*1)/1?
0
Suppose -4*l - 4*n + 8 = 0, -2*l - 2 = -0*l + 4*n. Let y = l - -59. Calculate the remainder when y is divided by 22.
20
Let d = -630 + 692. What is the remainder when d is divided by 21?
20
Let h be 6 - (1 - (3 - 10/2)). Suppose 0 = r - 4*n - 14, 4*n - 42 = -3*r + n. Calculate the remainder when h/12 - 103/(-4) is divided by r.
12
Suppose -222 = -6*x + 420. Calculate the remainder when x is divided by 54.
53
Suppose 0 = -3*w - 6, -102 = -3*s + w - 28. Calculate the remainder when s is divided by 1.
0
Let b be 2 + -5 + 21/3. Suppose 4*c = -5*i - 13, 3*c + b*i = 7*i + 24. What is the remainder when 18 is divided by c?
0
Suppose -3*u - 2*u = -60. Suppose -285 = -m - 4*m. Calculate the remainder when m is divided by u.
9
Suppose 495*t - 1120 = 475*t. Let u(h) = 5*h + 4. Calculate the remainder when t is divided by u(3).
18
Suppose -4*x = 4*n, -52 = -5*x + n - 22. What is the remainder when 31 is divided by x?
1
Suppose c + c = 10. Let j(a) = 2*a**2 - 9*a + 12. What is the remainder when j(c) is divided by 13?
4
Suppose -4*x - 34 = -6*x. Let t be ((-18)/(-12))/((-1)/(-10)). Let c = t - 6. What is the remainder when x is divided by c?
8
Let s(j) = j**3 - 6*j**2 + j + 5. Let w be s(5). Let u = w - -24. Let g = u - -2. What is the remainder when 53 is divided by g?
9
Let t(h) = -3*h + 4. Let k = 18 + 42. Let d = k - 14. What is the remainder when d is divided by t(-4)?
14
Suppose -146 = -2*p - 2*r - 104, 0 = -4*p - r + 78. Calculate the remainder when 2 + (-4)/2*-36 is divided by p.
17
Let b(w) = w**2 - 9*w + 25. Let v be b(5). Suppose -v*j + 8*j - 45 = 0. Suppose 3*p - 113 - 19 = 0. What is the remainder when p is divided by j?
14
Suppose -2*p = -8 - 22. Let g be ((-2)/6)/((-2)/(-654)). Let b = g - -167. What is the remainder when b is divided by p?
13
Let x(s) = -s**3 + 8*s**2 + 10*s + 7. Suppose 0 = -5*u - 6 + 21. Suppose -u*y = 2*y + 4*l - 290, 4*l - 42 = -y. What is the remainder when y is divided by x(9)?
14
Suppose -4*t - 255 = -5*b, 0 = -2*b + 2*t + 45 + 55. Let k(m) = 2*m**3 - 2*m**2 + 2*m + 2. What is the remainder when b is divided by k(2)?
13
Let x = -141 - -196. Calculate the remainder when 164 is divided by x.
54
Let p = 4 - -29. Suppose 4*i - 3*g = 5*i - 60, 4*g + 4 = 0. What is the remainder when i is divided by p?
30
Let a = 80 + -87. Let g(s) = -s**3 - 8*s**2 - 10*s - 7. Calculate the remainder when g(a) is divided by 8.
6
Suppose p = -u - 1, -2*u + 2*p = -2*p - 16. Suppose 10 = 2*b, 30 = u*d + 5*b - 7. Calculate the remainder when (180/48)/(2/8) is divided by d.
3
Let d be -6*(-1)/(1 - 0). Let w be d/4 - (-2)/4. Suppose -3*t + 57 = -w*t. Calculate the remainder when t is divided by 15.
12
Let q = 323 - 311. What is the remainder when 47 is divided by q?
11
Let v(y) = -y - 6. Suppose 0*o + 5*o = -50. Let q be v(o). Let u = 71 - q. What is the remainder when u is divided by 17?
16
Let x be (86/4 - 2)/(36/96). Suppose -3*a + 122 + x = 0. What is the remainder when a is divided by 30?
28
Let l(k) = k + 16. Suppose -9*w - 54 = 9. Calculate the remainder when 51 is divided by l(w).
6
Suppose 4*r + 2*j = 76, -r - 2*j = r - 38. Calculate the remainder when 1234 is divided by r.
18
Calculate the remainder when 363/2*((-66)/(-18) - 3) is divided by 32.
25
Let j = 31 - 11. Let s(p) = p**3 + 11*p**2 + 9*p + 12. Let w be s(-8). Calculate the remainder when j is divided by w/8*6/9.
9
Suppose -2*v + 5*f = -189, 6*v - f - 185 = 4*v. Calculate the remainder when v is divided by 19.
16
Suppose 3*q - 2*f - 18 - 5 = 0, -q + 8 = -f. Suppose o + 60 = q*o. What is the remainder when o is divided by 6?
4
Suppose 0 = 5*z - 10*z + 120. Suppose -3*f - 6 - 5 = -i, -z = -2*i + 4*f. Let v(p) = 15*p - 8. Calculate the remainder when v(6) is divided by i.
12
Let r(m) = -23*m - 9. Let h be r(-5). Let s = 196 - h. What is the remainder when s is divided by 46?
44
Suppose 5*l + 10 = 0, -l - l = -2*a + 14. What is the remainder when 5 is divided by a?
0
What is the remainder when 189 is divided by (-264)/(-60) + 6/10?
4
Let w = 7 - -25. Suppose -5*a - 195 + 1275 = 0. What is the remainder when (a/(-60))/(1/35*-1) is divided by w?
30
Let n = 237 + -152. Suppose -l + 6*l - n = 0. Calculate the remainder when l is divided by 3.
2
Let r(a) = a + 1. Let k(h) = 3*h - 8. Let z(q) = -k(q) + r(q). Calculate the remainder when (-102)/27*3*-3 is divided by z(0).
7
Suppose j - 3*c + 10 = 0, 3*j + 2*c + 10 = 7*c. Suppose 0 = j*a + 3*p - 550, 0 = -a - 0*a - 4*p + 110. Calculate the remainder when a is divided by 37.
36
Let o(k) be the second derivative of k**4/6 + 7*k**3/6 - 11*k**2/2 - k + 2. What is the remainder when 53 is divided by o(-6)?
15
Suppose 5*r - 2 = 73. Let u = r - -3. Let w(h) = -2*h + 1. Calculate the remainder when u is divided by w(-3).
4
Let x = 650 + -442. What is the remainder when x is divided by 19?
18
Suppose -s + p = -10, 12*p - 11*p + 22 = 2*s. Calculate the remainder when 39 is divided by s.
3
Suppose 0*o = -2*o + 38. Let x = -13 + 13. Suppose -375 = -x*j - 5*j. Calculate the remainder when j is divided by o.
18
Suppose -y = -6*y + 270. Let v(a) = 5*a - 29. What is the remainder when y is divided by v(8)?
10
Suppose -140 + 55 = y. Let r = y + 134. Let n = 1 + 25. Calculate the remainder when r is divided by n.
23
Suppose 2*b = f - 232, -3*f - 2*f + 470 = -4*b. Calculate the remainder when (b - 3)/((-5)/3 + 1) is divided by 18.
15
Let l = 1310 + -1293. What is the remainder when 104 is divided by l?
2
Suppose -3*d = 5*j - 35, -3*j + d - 17 = -6*j. Let y = j + 13. Calculate the remainder when y is divided by 8/(-4)*14/(-4).
3
Suppose -816 = -36*c + 192. Calculate the remainder when 38 is divided by c.
10
Let c(g) = -g**2 - 15*g + 88. Calculate the remainder when 356 is divided by c(-16).
68
What is the remainder when -6 + (12/(-60) - (-1042)/10) is divided by 14?
0
Let o(t) = -t**2 - t - 2. Let p be o(0). What is the remainder when 18 is divided by -4*(-1)/p + -2 - -15?
7
Suppose -m - 212 = -3*m. Calculate the remainder when m is divided by 28.
22
Let k(t) = 2*t**2 + 2*t + 1. Let r be k(-2). Suppose 8*q - r = 3*q. Calculate the remainder when 20 is divided by q/(1/(-4)) + 11.
6
Let x = -794 + 1133. What is the remainder when x is divided by 43?
38
Let p = 15 + -21. Let z(v) = 2*v**2 + 7*v + 5. Calculate the remainder when (139/2)/((-2)/(-4)) is divided by z(p).
34
Suppose -5*g = -2 + 7. Let w be g/(-4) - (-105)/12. What is the remainder when 8 is divided by (6/w)/(4/18)?
2
Suppose a = 14 - 6. Let f(v) = v**3 - 9*v**2 + 13*v - 10. Calculate the remainder when f(a) is divided by ((-12)/(-10))/((-18)/120*-1).
6
Suppose 3*t - 65 = -0*i - i, -t = 3*i - 11. Suppose -2950 - 1812 = -142*p + 1060. What is the remainder when p is divided by t?
18
Suppose 0 = 8*r - 89 - 439. Calculate the remainder when r is divided by 34.
32
Let g = 600 - 567. What is the remainder when 292 is divided by g?
28
Suppose -7*r = 57 + 27. Let g = 21 + r. Let n(j) = 15*j**2 + 1. What is the remainder when n(-1) is divided by g?
7
Suppose 0 = y - 0*y + w - 24, -3*y - 4*w = -76. What is the remainder when 70 is divided by y?
10
Let s(a) = -39*a**3 - a**2 - a. Let r be s(-1). Suppose 4*h - 205 - r = 0. What is the remainder when h is divided by 31?
30
Let q be (-6)/(-9)*(-15)/(-1). Let d = q - 7. Suppose a + 2*l - 146 = -4*a, 3*a - d*l = 96. What is the remainder when a is divided by 8?
6
Let r(k) = 3*k + 1. Let o be r(9). Suppose 5*f - 56 = -u, -u - o = -3*f + f. Let m = f + -2. Calculate the remainder when 38 is divided by m.
8
Let c = -27 + 27. Suppose c*a + 33 = 4*n + 3*a, -3*n = -4*a - 6. Calculate the remainder when 20 is divided by n.
2
Let c(m) = -39*m + 674. Calculate the remainder when (0 - 1) + 45 + -1 is divided by c(17).
10
Let f be 1*38 + 6/(-2). Suppose 4*z = 2*z + 3*n + 80, z + n